 factors of v?
7
Let f(v) be the first derivative of 13*v**3/3 + v - 1. List the prime factors of f(-1).
2, 7
What are the prime factors of ((-12)/(-10))/(28/70)?
3
Let n be (-2)/(-9) - 460/(-36). Let p = n + -8. Suppose 0 = -m + 17 - p. List the prime factors of m.
2, 3
Let k(j) = -j - 8*j - j**2 + 2*j**2 - j**3 - 5 - 10*j**2. Let y be k(-8). Suppose -q - y*q = -68. What are the prime factors of q?
17
Suppose -4*p = w + 10, -p + 4 = 2*w - 5*p. What are the prime factors of (w/4)/(3/(-12))?
2
Suppose -7*x - 40 = -12*x. List the prime factors of x.
2
Let g = 13 - 7. Suppose 2*m - g*m = -112. Let l = m + -14. What are the prime factors of l?
2, 7
Let f(w) = -w**2 + 9*w. Let g be f(9). Suppose -i + 3*d + 4 = -0*i, g = -4*i + 4*d + 32. What are the prime factors of i?
2, 5
Suppose -40 + 11 = -g. Suppose 5*m = -106 - g. What are the prime factors of (-4)/6 - 531/m?
19
Let l(y) be the third derivative of 1/24*y**4 + 0*y - 3*y**2 + 0 + 1/3*y**3. List the prime factors of l(11).
13
Let d(g) = -87*g**3 + 2*g**2 + 3*g + 1. List the prime factors of d(-1).
3, 29
Suppose 5*m - 101 = -r, m + 2*r + 92 = 5*m. List the prime factors of m.
3, 7
Suppose 2*k = -2*o, 4*o + 4 - 2 = -2*k. Let n(i) = 4*i**3 - i + i**2 + 1 + 0 + 0*i + 0*i. List the prime factors of n(k).
5
Suppose 3 = 4*q + 19. Let p be 2/q*(-18 + -2). Suppose -p = -2*y + 12. What are the prime factors of y?
11
Suppose 2*x - 14 + 6 = 0. Suppose x*q - 13 = -c, 4*q = -0*c - 4*c + 76. What are the prime factors of c?
3, 7
Let j(z) = z**2 - 3*z + 1. Let p be j(5). Suppose 3 = -o + p. List the prime factors of o.
2
Let o(x) = -5*x**3 + 2*x**2 - x + 1. List the prime factors of o(-2).
3, 17
Let p(i) = 9*i - 5. Let f be p(7). Suppose -f = a - 2*a. What are the prime factors of a?
2, 29
Let d = 8 - 6. Let v be d + 2*20 + 3. Suppose 0*a - 5*n + 31 = a, -5*a + v = 3*n. What are the prime factors of a?
2, 3
Let k(n) = n**2 + n + 17. Suppose 0 = 3*b - 2*b. Let m be k(b). Suppose 3*u = 31 + m. List the prime factors of u.
2
Suppose 4*v + l + 4 = -0, -v - 5*l = 20. Suppose -j = -g - 16, -3*j + 2*g + 52 = -2*g. Suppose i + 2 - j = v. What are the prime factors of i?
2, 5
Let i = -10 - -14. Suppose 0*j - 48 = -i*j. List the prime factors of j.
2, 3
Let k(z) be the first derivative of z**3/3 - 11*z**2/2 - 19*z + 6. List the prime factors of k(14).
23
Let k(h) = -h**3 - 8*h**2 + 10*h + 12. Let l be k(-9). List the prime factors of 0 - (-12 - l) - -1.
2
Suppose 1 = -2*r + 21. Let w(m) = -m**3 + 2*m**2 - r*m**2 + m - 2*m - 4. List the prime factors of w(-8).
2
Let v be 58/12 - (-1)/6. Suppose -8 = -3*a - 3*m + 7, 49 = v*a - 3*m. List the prime factors of (-1)/2 - (-76)/a.
3
Suppose -1 = -4*v - 2*y - 7, 0 = -4*v + 4*y + 12. Let b = v - -4. Let m = 6 - b. List the prime factors of m.
2
Let d = 25 + -25. Let m = 54 + 2. Suppose 4*q + d*q - m = -z, -5*z + 20 = 0. What are the prime factors of q?
13
Let x(w) = -w**2 - 7*w - 2. Suppose i = 3*i - 4*h + 32, i = 3*h - 21. Let c be x(i). Let r = -2 + c. List the prime factors of r.
2
Suppose 1 - 12 = -u. What are the prime factors of u?
11
What are the prime factors of (-4)/14 - 904/(-28)?
2
Suppose -f - 4 = 5*d, -21 = 4*f + d - 5. Let q be f/(-14) - (-432)/56. Suppose -5*l + 48 = q. What are the prime factors of l?
2
Let s = 14 - 21. Let i = s - -11. Suppose -17 = -i*f - 5*j, -3*f = -f + 2*j - 8. What are the prime factors of f?
3
Suppose -3*p = 2*i + 49, -3*i + 42 = -4*p - 12. Let z = -53 - -27. Let r = p - z. What are the prime factors of r?
11
Suppose 0 = 2*r - 3*l - 80, 0*l - 5*l = r - 53. Suppose 17 + r = 4*f. List the prime factors of f.
3, 5
Let k = -6 - -8. Let g = -2 + k. What are the prime factors of 0 + (g/2 - -2)?
2
Let a = 75 - -123. List the prime factors of a.
2, 3, 11
Let u = -2 - -1. Let f = 25 - u. List the prime factors of f.
2, 13
List the prime factors of (-3070)/(-60) + (-1)/6.
3, 17
Suppose 0 = 3*t + 2*l - 7, 3*t = t + l - 7. Let f be (-1)/2 + t/(-2). Suppose -8 = -2*b, c - b = -f*c + 5. What are the prime factors of c?
3
List the prime factors of 0 - 73/(-3 + (-15)/(-6)).
2, 73
Suppose 0 = -z - 4*z + 30. Let r(a) = a - 3*a + 4*a. What are the prime factors of r(z)?
2, 3
Let w = 51 + -30. What are the prime factors of w?
3, 7
Suppose -12 - 24 = -4*d. Let i = d - 13. Let z(j) = -j**3 - 3*j**2 + 4*j + 5. List the prime factors of z(i).
5
Suppose s = 4*s - 240. Suppose -w = -2*n + 7, -5*n = -0*n - w - 19. Suppose -v - n*v + s = 0. What are the prime factors of v?
2
What are the prime factors of -1*(6/(-15) + 26/(-10))?
3
Let a = 439 + -64. What are the prime factors of a?
3, 5
Let o be (-11)/(2 + 0 + -3). Let x = 3 + o. List the prime factors of x.
2, 7
Suppose -52 = -7*i + 3*i. Suppose -i = -g - 1. What are the prime factors of g?
2, 3
Suppose -322 = -5*l - 2. What are the prime factors of l?
2
Let o(p) = p**2 - 4. Let v be o(-6). Suppose v = 3*i - 25. What are the prime factors of i?
19
List the prime factors of (63/45)/((-1)/(-5)).
7
Let s(c) = 8*c**2 + 3*c**2 - 3*c**2 - 41*c + 2 + 44*c. List the prime factors of s(-2).
2, 7
List the prime factors of 0 - 2*(-3)/2.
3
Let m(v) = -6*v**3 - v**2. Let l be m(1). Let r = l + 10. Suppose 0 = a - 7 - r. List the prime factors of a.
2, 5
Let y be -3 - (-4 + 4) - -75. What are the prime factors of 5/(20/y) - -4?
2, 11
Let w = -189 + 454. List the prime factors of w.
5, 53
Let t be -1 + (-8)/(-2 + 0). Let p(v) = 2*v - 2. Let r be p(t). Suppose r*u - 9 - 19 = 0. List the prime factors of u.
7
Let d = -30 + 5. Let y = 5 - d. What are the prime factors of y?
2, 3, 5
Let d be (-108)/(-26) - (-4)/(-26). Suppose 2*g = -2*z + 6, 4*g + 0*g - d*z = 20. List the prime factors of g.
2
Let b = 27 + 110. What are the prime factors of b?
137
Suppose -4*d + 3*s + 13 = 38, s = -2*d - 5. List the prime factors of (d/(-3))/(24/684).
2, 19
Suppose 3*w - 7 = 26. Suppose 2*n = 0, 4*m - 3*n = 5*m - w. List the prime factors of m.
11
Suppose p - 97 = 3*v - 0*v, 2*p - 182 = 3*v. What are the prime factors of p?
5, 17
What are the prime factors of 1/(-4) + (-77)/(-4)?
19
Let m be ((-1)/2)/((-5)/30). What are the prime factors of m/6 + 38/4?
2, 5
Let b(p) = p**2 + p - 2. Suppose -c = 3*x + c + 10, -5*x + 3*c - 23 = 0. What are the prime factors of b(x)?
2, 5
Suppose -6*o + 2*o + 220 = 0. What are the prime factors of o?
5, 11
Let a(m) = m**2 - m - 1. Let o be a(2). Let v be (3/(-9))/(o/(-15)). Suppose 3*u - 29 = -f + 3*f, v*f = u + 12. List the prime factors of u.
13
Suppose 40 - 1 = f. What are the prime factors of f?
3, 13
Let j(n) = n**3 - 6*n**2 - 7*n + 3. Let t be j(7). Suppose -2*h - t*h - 12 = 4*m, -m - 5*h = 3. List the prime factors of -9*(22/(-6) - m).
2, 3
Let n = -25 + 318. List the prime factors of n.
293
Suppose -o = -3 - 1. Suppose -5*c + 46 = -0*c - 4*f, -f = o*c - 41. List the prime factors of c.
2, 5
Let o = 9 + -5. Suppose 28 - 8 = 5*k, -4*g + o*k = -32. What are the prime factors of g?
2, 3
Suppose -7 - 53 = -5*t. List the prime factors of t.
2, 3
Suppose 4*s + k - 21 = s, -k + 3 = 0. Suppose 0 = 2*h - 4*b - 28 + s, -2*h + 2*b + 26 = 0. Suppose -h = -0*n - n. List the prime factors of n.
3, 5
Suppose -5*j - 190 = 3*c, -84 = -3*c - j - 266. Let l = -34 - c. List the prime factors of l.
2, 13
Let a(h) = -h. Let n be a(6). Suppose 4*z + 40 = 9*z. Let b = n + z. What are the prime factors of b?
2
Let d(g) = g**2 + 9*g + 10. List the prime factors of d(-9).
2, 5
Suppose -15 = -4*o + 5. Suppose 0 = -2*i - h - 2*h + 28, o*i - 5*h - 70 = 0. List the prime factors of i.
2, 7
Suppose 4*s + 5*k = 195, -3*s + 0*k - k + 138 = 0. List the prime factors of s.
3, 5
Suppose q = -8 - 36. Let v = -16 - q. Suppose -2*f = 2*d - v, 5*d + f - 62 + 8 = 0. What are the prime factors of d?
2, 5
Let k = 18 - 18. Suppose 0 = -k*z - 3*z + 117. List the prime factors of z.
3, 13
Let l = 61 + -36. Let o = 37 - l. Suppose 3*d - 3 - o = 0. What are the prime factors of d?
5
Suppose 4*g - 2*i - 26 = -0*i, -4*g + 3*i = -31. Let f = g - -1. List the prime factors of f.
5
Suppose -3*s + 38 = -4*p, 3*p - s = -0*s - 26. Let l = -12 - p. List the prime factors of 2 - (l + 1 + 0).
5
Let k(s) = -1 + 5 - 1 - 2*s + 3*s. List the prime factors of k(7).
2, 5
Let o(h) be the second derivative of 0 + 3/2*h**3 + 4*h + 0*h**2. List the prime factors of o(1).
3
Let n 